 in base 7?
-4666506
-3552631 (base 7) to base 16
-6ddc5
Convert 17629075 (base 10) to base 9.
36148481
Convert -2b5b12 (base 13) to base 7.
-12043262
-147491 (base 12) to base 3
-122111122101
What is -1177761 (base 9) in base 2?
-10011100110001011110
14013344 (base 5) to base 15
2bed4
What is -1c803c (base 16) in base 14?
-3689ac
Convert 12294b8 (base 12) to base 11.
1aa9774
Convert 1bb06 (base 13) to base 3.
2202212222
Convert -32102131 (base 4) to base 11.
-3aa75
Convert -2030130200 (base 4) to base 12.
-238aa8
Convert -1023000001 (base 4) to base 9.
-517354
-2121011110012 (base 3) to base 16
-1512bf
Convert -32320210212 (base 4) to base 14.
-737cb4
Convert -423038 (base 10) to base 15.
-85528
1245905 (base 10) to base 12
501015
10403444 (base 5) to base 9
147888
3861a6 (base 12) to base 14
1a0542
Convert 1323502 (base 7) to base 3.
22211212221
What is 13a2907 (base 13) in base 12?
2106738
Convert -25486 (base 10) to base 4.
-12032032
-100001011010010011101 (base 2) to base 5
-240013223
Convert -105b13 (base 16) to base 3.
-2000110100200
What is 2620b0 (base 14) in base 15?
1ada26
Convert -561141 (base 11) to base 14.
-19403c
-6815c (base 15) to base 14
-88914
-26a635 (base 12) to base 2
-10011100010100001001
What is -5496585 (base 10) in base 9?
-11306806
Convert 2025100 (base 8) to base 3.
1000012000200
Convert -1811a41 (base 12) to base 7.
-60334663
Convert 40453451 (base 7) to base 12.
1168b22
-144004304 (base 5) to base 4
-2323003330
-122d400 (base 16) to base 8
-110552000
400a99 (base 12) to base 14
1bd421
1251726 (base 9) to base 7
5545122
What is 1355146 (base 9) in base 12?
2bb289
-30221001 (base 4) to base 14
-14c25
-241b091 (base 12) to base 7
-113363002
-121030041 (base 5) to base 10
-564396
What is -353494 (base 11) in base 9?
-1044414
Convert -949a2 (base 11) to base 8.
-416066
Convert -195a976 (base 13) to base 8.
-37626767
Convert -458777 (base 10) to base 4.
-1300000121
22232362 (base 7) to base 16
1d5bee
-241831 (base 16) to base 12
-960b01
What is -308532 (base 10) in base 12?
-12a670
136560 (base 10) to base 8
412560
What is 35235443 (base 6) in base 2?
100001011000010010011
12354166 (base 7) to base 14
213236
-160225 (base 8) to base 2
-1110000010010101
What is 1122000100100 (base 3) in base 10?
866304
Convert 42898 (base 13) to base 15.
258ca
What is 609518 (base 10) in base 13?
184580
-101210220022 (base 3) to base 13
-75b1b
Convert 46785 (base 11) to base 10.
67490
Convert -1010101111000101 (base 2) to base 4.
-22233011
-131321100 (base 4) to base 10
-122448
Convert -2330420422 (base 5) to base 13.
-11464c2
What is -220203113 (base 4) in base 16?
-288d7
What is -22174634 (base 8) in base 16?
-48f99c
Convert 3010011 (base 5) to base 6.
1003534
Convert -43800 (base 16) to base 7.
-2231031
1ea573 (base 15) to base 11
937342
-10000200212001 (base 3) to base 14
-2dc05d
What is -103342546 (base 7) in base 3?
-102121220122011
-255253140 (base 6) to base 3
-100102210012020
What is 211200001 (base 4) in base 2?
100101100000000001
What is -23a33 (base 13) in base 12?
-31a59
What is 332624 (base 8) in base 9?
180586
-bb19 (base 13) to base 7
-135641
Convert -3425543 (base 7) to base 9.
-720618
Convert -15736a (base 11) to base 4.
-323210230
What is -102010120012 (base 3) in base 14?
-59bca
What is 19485 (base 12) in base 10?
36965
Convert -161705 (base 8) to base 11.
-3a899
Convert -11122132103 (base 4) to base 8.
-5323623
Convert 498b1 (base 14) to base 4.
223331303
-31106e (base 15) to base 16
-239645
Convert -22438 (base 10) to base 14.
-826a
Convert 1ef9ee (base 16) to base 11.
1167241
What is 155a6a0 (base 13) in base 11?
395899a
Convert -1310364 (base 10) to base 4.
-10333322130
What is 33131244 (base 5) in base 3?
112112221020
11020420014 (base 5) to base 10
11888759
What is 1001010100001111111101 (base 2) in base 7?
26521140
What is 324725 (base 8) in base 7?
632552
Convert 3551665 (base 7) to base 14.
b9c35
-142203212 (base 5) to base 14
-1540c9
What is 1b00209 (base 13) in base 8?
41775023
What is -4388653 (base 10) in base 14?
-823513
350a (base 16) to base 13
6246
What is 1224918 (base 10) in base 14?
23c582
-130304 (base 6) to base 2
-10111000000000
Convert -172b1c (base 15) to base 3.
-2010001110200
What is 112638b (base 12) in base 14?
617d59
1131020201 (base 4) to base 14
9d041
3c9647 (base 13) to base 4
11220231101
Convert 1111011312 (base 4) to base 16.
55176
What is -11203 (base 14) in base 10?
-41555
-7937811 (base 10) to base 6
-442045043
Convert 111101000111101011 (base 2) to base 4.
331013223
5e0996 (base 16) to base 12
209255a
1386a2 (base 14) to base 2
10100101000111110110
36242212 (base 7) to base 6
153005514
-4321c (base 13) to base 9
-204224
What is -11100100000101110001 (base 2) in base 9?
-1673503
-166363 (base 7) to base 5
-2032323
231210324 (base 5) to base 7
11552602
Convert 221224033 (base 5) to base 9.
1724386
2c2db8 (base 14) to base 16
179286
Convert 2122626 (base 7) to base 10.
257907
What is 1d1ac1 (base 15) in base 7?
15045403
-384851 (base 14) to base 5
-443332130
20011222000012 (base 3) to base 11
194508a
What is -10020331 (base 5) in base 16?
-1366a
What is 38048 (base 10) in base 11?
2664a
Convert -80650 (base 9) to base 16.
-cf1b
What is 92ae (base 15) in base 16?
790d
What is 1111124 (base 6) in base 7?
322153
Convert 3d157 (base 16) to base 7.
2061305
Convert 8964838 (base 10) to base 3.
121212110110001
What is -120100011022110 (base 3) in base 12?
-2891656
What is 202002010020212 (base 3) in base 12?
36a7112
-110110110110001111001101 (base 2) to base 4
-312312033031
What is -10870a (base 11) in base 3?
-22202200222
-12120022122 (base 3) to base 10
-109583
Convert 26dae (base 15) to base 6.
2400445
Convert -c21e42 (base 15) to base 2.
-100011001011000011110001
What is -2220234104 (base 5) in base 4?
-102200222310
What is -aadd (base 16) in base 11?
-2a955
Convert -506893 (base 10) to base 12.
-205411
What is -22435433 (base 7) in base 13?
-537731
3221110 (base 7) to base 8
1375122
-145575 (base 9) to base 15
-1b75b
Convert -42ca8 (base 13) to base 3.
-20010201020
Convert 483d27 (base 15) to base 8.
15135143
What is 9c5dc (base 16) in base 5?
130443401
Convert -66219 (base 12) to base 6.
-2521233
Convert -11101100111111101 (base 2) to base 16.
-1d9fd
Convert -7a9678 (base 13) to base 15.
-3c5d82
Convert -87016 (base 14) to base 2.
-1001111101110011100
What is 610077 (base 9) in base 6?
11422541
What is -1070482 (base 9) in base 11?
-3650a2
-79484 (base 10) to base 14
-20d76
What is -2053441 (base 7) in base 12?
-bba11
What is -3375454 (base 8) in base 10?
-916268
-11076121 (base 9) to base 10
-5364811
-10010020000 (base 4) to base 12
-434714
Convert 5a767 (base 16) to base 10.
370535
342629a (base 12) to base 8
46126026
Convert -1011101010010001 (base 2) to base 3.
-2102111221
Convert 513aa4 (base 11) to base 13.
22b7bc
-104032200 (base 5) to base 2
-1101111001010000100
What is 152545330 (base 7) in base 14?
14dc0c0
What is -4aa29 (base 15) in base 6?
-5040203
What is -973bb (base 13) in base 9?
-455542
-8241 (base 9) to base 16
-178f
13420044 (base 5) to base 13
4b21c
What is 18287 (base 12) in base 2?
1000100010000111
Convert -cab2fc (base 16) to base 14.
-1a9b1da
What is 2202200120102 (base 3) in base 15?
1e08a5
Convert 1926 (base 15) to base 7.
21564
-1429697 (base 14) to base 3
-200102001200010
11101100101100111110 (base 2) to base 8
3545476
What is -d6c0d4 (base 15) in base 4?
-212332032010
433564 (base 13) to base 15
2129ed
What is 109134 (base 11) in base 12?
84284
Convert 1101011000011100001 (base 2) to base 13.
124787
4158494 (base 10) to base 11
239037a
Convert 546102 (base 8) to base 4.
230301002
Convert 382409 (base 10) to base 2.
1011101010111001001
What is c4333 (base 16) in base 15?
10d1aa
What is -487426 (base 12) in base 11?
-731a89
Convert 160047 (base 9) to base 5.
11122313
What is 207411 (base 8) in base 13?
25774
-6760366 (base 8) to base 4
-12332003312
2010110000021 (base 3) to base 12
4663ba
Convert -410416 (base 9) to base 13.
-86859
202202202220111 (base 3) to base 10
11037721
What is -14035503 (base 9) in base 8?
-32343765
-231221013 (base 5) to base 15
-157c3d
What is 1a17108 (base 13) in base 9?
17132747
13447186 (base 10) to base 13
2a2a91c
Convert